Is 12 a factor of r?
True
Let o(t) = t**2 - 5*t - 9. Let d be o(7). Let a = d - -13. Is a a multiple of 8?
False
Suppose -3*z + 2*z - 7 = -2*b, 0 = -5*z + 2*b - 27. Let v(p) = -p**2 - 5*p + 7. Does 6 divide v(z)?
False
Let b be 772/(-9) - 2/9. Let r = 121 + b. Is 9 a factor of r?
False
Suppose 3*u - 48 = 9. Does 4 divide u?
False
Let r = 214 - 123. Does 4 divide r?
False
Let l(q) = -q**2 - 16*q - 2. Let i(k) = -k**3 - 10*k**2 + 2*k + 8. Let o be i(-10). Is l(o) a multiple of 23?
True
Is 228/3 - 3*1 a multiple of 30?
False
Let i(b) = -b**2 + 2*b + 3. Suppose 3*v + 27 = -p - 2*v, 4*p - 12 = 4*v. Let j be i(p). Is (4 + 2)*(1 - j) a multiple of 12?
True
Let u be (-2)/(-4) - 7/(-2). Suppose 0 = -2*s - 7 - 1, u*i = -3*s + 4. Suppose 7 = i*j - 1. Is j even?
True
Let l(z) = 2*z**3 - 3*z**2 + 2*z + 2. Let a = 6 + -4. Is l(a) a multiple of 5?
True
Let w(a) = a**2 + 2*a - 1. Let q be w(2). Let z(m) be the second derivative of -m**5/20 + 7*m**4/12 + m**3/6 + m**2 + 2*m. Is z(q) a multiple of 9?
True
Suppose 2*q - 2*k - 119 = -3*q, -3*q - 5*k + 90 = 0. Does 15 divide q?
False
Let k be (-6)/((-6)/3) + -1. Suppose k*x + 28 = 4*x. Let v = 20 - x. Does 3 divide v?
True
Let n = 22 + -14. Is 2 a factor of n?
True
Suppose 3*q - 15 = -3*v, 4*q + 3*v - 11 = 3*q. Suppose q*a - a = 3. Suppose -a*s = -4*h + 5*h - 55, -s - 4*h = 0. Does 19 divide s?
False
Let j = 27 + -60. Is j/(-2)*(-4)/(-6) a multiple of 5?
False
Suppose -4*t = -0*c + 2*c - 56, -4*c + 134 = -3*t. Does 8 divide c?
True
Suppose 0 = 6*z - 10*z + 272. Is z a multiple of 15?
False
Let y(b) = b + 12. Let v(i) = -1. Let m(a) = 3*v(a) + y(a). Let r be m(-6). Suppose 3*o + 2*o - r*s = 45, -5*o + 45 = 2*s. Is o a multiple of 4?
False
Suppose 0 = 2*x - 261 - 15. Suppose -5*b + x = -3*b. Is b a multiple of 18?
False
Let a be (-1)/(2/(-4)*1). Suppose z - 3*z + 22 = -2*c, 4*c + 26 = a*z. Is z a multiple of 9?
True
Let c(g) = 2*g - 4. Let j be c(2). Suppose -3*r + 2*a = -59, -2*a - 2 + j = 0. Is r a multiple of 6?
False
Let h(b) = b**3 + 5*b**2 + 5*b - 5. Let x be h(-5). Let v = 72 - x. Is 28 a factor of v?
False
Let i(z) = -90*z**3 - 2*z**2 - 2*z - 3. Let u(x) = -45*x**3 - x**2 - x - 2. Let p(n) = -3*i(n) + 5*u(n). Does 19 divide p(1)?
False
Is (-10)/(-2)*(-6 + 134/5) a multiple of 9?
False
Suppose 0 = 2*u - 10 - 0. Suppose 2*s + 46 = 2*m - 2*s, m - 38 = u*s. Suppose 0 = -3*b + 34 - m. Is 4 a factor of b?
False
Let b(g) = g + 2. Let i be b(-6). Let k(u) = 3*u**2 + 8*u + 9. Is k(i) a multiple of 21?
False
Suppose -h = 2*i - 106, 4*i + 2*h - 208 = -2*h. Does 18 divide i?
True
Let l(m) = m**2 + 4*m + 5. Let s be l(-4). Suppose s*g - 3 - 12 = 0. Suppose -5*o + 2*q + g*q = -225, 5*q - 27 = -o. Is 13 a factor of o?
False
Let p(b) = 13*b**2 + b - 1. Suppose -3*y = -5 + 2. Let n be p(y). Let l = n - 7. Is l a multiple of 4?
False
Suppose 2*x - 274 = -5*q, -6*q + 2*q + 210 = -3*x. Suppose a - q = -2*a. Is 14 a factor of a?
False
Let y = 192 + -136. Is 28 a factor of y?
True
Let b = -6 - -91. Does 13 divide b?
False
Let w(j) = -7*j**2 + 5*j - 5. Let b(y) = 8*y**2 - 4*y + 6. Let m(p) = -4*b(p) - 5*w(p). Is 11 a factor of m(6)?
True
Suppose -253 + 45 = -4*x. Is x a multiple of 10?
False
Suppose -4*k + 90 = -5*k. Does 8 divide k/(-3 + (-3)/(-3))?
False
Suppose -3 + 1 = -i. Suppose -3*d - j = -5*j - 53, -d - i*j = -1. Does 5 divide d?
False
Let w(j) = -j**3 + 4*j**2 + 7*j + 4. Does 12 divide w(5)?
False
Let l(k) = k**3 + 9*k**2 + 8*k + 11. Suppose -5 = -3*c - 29. Does 3 divide l(c)?
False
Let u = -173 - -257. Is u a multiple of 19?
False
Is -3 - 4/(8/(-38)) a multiple of 10?
False
Let g(o) = -o**3 - o**2 + 1. Let i(v) = 2*v**3 + v**2 - 2*v - 5. Let u(d) = 5*g(d) + i(d). Let n be u(-2). Is (n + 1)/(1/1) a multiple of 13?
True
Let l be 2 - -2*(-9)/6. Does 4 divide l/(-1 - (-7)/8)?
True
Let i(o) be the first derivative of o**3 - 5*o - 1 + 3/2*o**2. Is 12 a factor of i(-4)?
False
Let m = -6 - -4. Is 11 a factor of (22/(-4))/(1/m)?
True
Let y be 1*-21*1 + 2. Let a = 0 - y. Is 9 a factor of a?
False
Let t(h) be the third derivative of h**4/4 - h**3/6 + 6*h**2. Is t(3) a multiple of 8?
False
Suppose 2*s = -3*s - 45. Let i = 26 + s. Does 7 divide i?
False
Is 268/8 + (-1)/(-2) a multiple of 17?
True
Let z(x) = -x**2 - 8*x + 4. Let a be z(-7). Is 2/6*3*a a multiple of 3?
False
Suppose 4*v - 222 = -3*d + 5*d, 3*d = -9. Does 27 divide v?
True
Suppose -3*f - 176 = 4*o, -91 - 102 = 5*o - 3*f. Let k = -11 - o. Is k a multiple of 15?
True
Let a(k) = k**2 - 9*k - 2. Let i be a(-7). Suppose 0 = -2*q - 5*b - i, -3*q + 2*b - b - 148 = 0. Let z = 90 + q. Is 20 a factor of z?
True
Let h = 244 + -164. Does 10 divide h?
True
Let s(c) = c**3 + 26. Let y be s(0). Let n be (-1 - 0) + 4/(-4). Is 6 a factor of y/3 - n/6?
False
Is 8 a factor of (4/3)/((152/(-240))/(-19))?
True
Let t be (20/15)/((-1)/(-3)). Suppose -h = t*h - 110. Is 22 a factor of h?
True
Let x(b) = b**2 + 3*b + 6. Suppose -4*f - 9 = 11. Does 7 divide x(f)?
False
Suppose 6*i - 56 - 76 = 0. Does 6 divide i?
False
Let d = 95 - 24. Does 13 divide d?
False
Let u = 26 + -22. Suppose -5*d = -25, -u*x + 130 = 4*d - 82. Does 12 divide x?
True
Let h(b) = -b**3 - b**2 - b. Is 11 a factor of h(-4)?
False
Let n be (-2 - (-159)/3) + -2. Let f = n + -22. Is 9 a factor of f?
True
Suppose -901 = -5*y + 3*n, y + 8 = 4*n + 178. Suppose y = -3*u - 5*r + 3*r, 0 = 5*u - 4*r + 318. Let s = u + 94. Does 11 divide s?
False
Let t be (3/(-2))/(3/4). Let o be 336/54 + t/9. Suppose -n + o*n - 90 = 0. Is n a multiple of 9?
True
Suppose 3*w = -0*w + 18. Is 6 a factor of w?
True
Suppose 6*y = 3*y - 3*d + 126, -156 = -4*y + 2*d. Suppose -3*z = 5*c - y, 3*z - 35 = -4*c - 0*z. Is c even?
False
Suppose 3*q - 54 = -3*g, 7*g = 4*g + 4*q + 47. Is g a multiple of 17?
True
Let a = 68 - 17. Is 9 a factor of a?
False
Let y = 13 - -169. Is y a multiple of 13?
True
Suppose 6*c = 4*c + 2. Does 4 divide 13/4*4/c?
False
Is 10 a factor of 2/3 - 1070/(-15)?
False
Suppose 3*g = -3 - 9. Let h be -2*(54/g + -1). Let u = h - 20. Is 4 a factor of u?
False
Suppose -2 = -r + 3*r. Is (r/3)/((-2)/54) a multiple of 8?
False
Let o(g) = 11*g**3 + 2*g**2 - g - 7. Is o(3) a multiple of 47?
False
Let d(o) = o**3 + 6*o**2 + 1. Let z be d(-6). Let m be 9 + z/(0 - -1). Is m - 0/((-3)/3) a multiple of 5?
True
Let a(i) = i**2 - 13*i + 3. Does 17 divide a(14)?
True
Suppose -2*r + 2 = -4. Suppose 98 = 4*q - 66. Suppose r*a + 4*s = 52, -41 = -5*a - 2*s + q. Is a a multiple of 7?
False
Let s(z) = -82*z**3 - z - 1. Let l be 1/3 + 16/(-12). Let k be s(l). Suppose 3*b + 37 = 2*u + 4*b, b = 5*u - k. Does 6 divide u?
False
Is 8 a factor of (12/(-16))/((-5)/380)?
False
Let w be (-1)/(1/(-1 + 0)). Let r be w + (-3 + 2)*-137. Does 14 divide r/10 + 5/25?
True
Is 17 a factor of 5 + -2 + -1 + 53*2?
False
Let h be -7*(-2 - 39/(-21)). Suppose 2*r - 35 = h. Does 9 divide r?
True
Suppose 0 = -3*k + 2*k - 7. Let r = k + 8. Does 17 divide (-200)/(-5) - 2*r?
False
Let s = 1 + -4. Let b be 2/s*21/(-2). Let o(z) = -z**2 + 8*z + 7. Is 7 a factor of o(b)?
True
Let f = 106 + -92. Is f a multiple of 6?
False
Let d(f) = 5*f + 9. Let s(t) = 4*t + 9. Let c(w) = 5*d(w) - 6*s(w). Is c(12) even?
False
Suppose 4 = j - 10. Suppose 10 = 2*p - j. Is p a multiple of 12?
True
Let y(s) = -s**2 + 13*s - 5. Does 6 divide y(10)?
False
Let i be (3/(-2))/((-4)/(-8)). Is 43 + (1 - (-2 - i)) a multiple of 16?
False
Let c(z) = z**3 + z**2 - 3*z - 3. Let d be c(3). Suppose -6*h + 3*h = -d. Let l = 18 - h. Is 8 a factor of l?
False
Suppose -o + 18 = -11. Is o a multiple of 3?
False
Suppose 0 = -2*v - 89 + 249. Suppose 5*a - v = a. Is a a multiple of 8?
False
Suppose 0 = -2*f, 2 - 10 = -4*w + 5*f. Suppose g + 15 = 5*r + 2, -5*r + 11 = -w*g. Is r even?
False
Let b be 1/3 + (-25)/3. Let o be 324/16 - (-2)/b. Suppose 2*g = g + o. Does 14 divide g?
False
Let r be 2/(8/(-5) - -2). Let d = -3 + 8. Suppose 56 = r*c - v, d*v - 3*v + 13 = c. Does 11 divide c?
True
Let s(l) = -36*l - 7. Does 14 divide s(-3)?
False
Let v(n) be the third derivative of -n**4/12 - 2*n**3 - 5*n**2. Does 5 divide v(-16)?
True
Suppose 9*m = 8*m + 14. Let d = m - -13. Does 13 divide d?
False
Suppose -2954 = -4*m + 70. Is 10 a factor of m/14 - (4 + 0)?
True
Let h = 1 - -3. Suppose r - 109 = -5*q + 101, 5*r - 147 = -h*q. Is q a multiple of 